m - 1. Let l be h(r). Let f = l + -18. List the prime factors of f.
11
Let c(v) = 22*v**2 - 3*v + 1. What are the prime factors of c(10)?
13, 167
Let f(r) be the third derivative of -r**4/24 - r**3/2 - 5*r**2. Let n be f(-8). Suppose 6*y - 23 = n*y. What are the prime factors of y?
23
Let a be 0 - -1 - 20/5 - -3. Suppose -3*c - 2*c - 3*y + 1415 = 0, -2*y - 10 = a. List the prime factors of c.
2, 11, 13
Let k = -15 + 13. Let g be 4/8*k + 71. Let i = g + -41. What are the prime factors of i?
29
Suppose -27*q + 23*q - 3*h = -513, -4*q - h = -507. List the prime factors of q.
2, 3, 7
Suppose -2*g - 3*g + 15 = 0. Suppose 108 = -y + g*y. List the prime factors of y.
2, 3
Let y = -463 - -615. What are the prime factors of y?
2, 19
Let g(f) = -f**3 - 6*f**2 + f + 8. Let m be g(-6). What are the prime factors of m + -7 + 0 + 85?
2, 5
Let b(w) = -w**3 + 8*w**2 - 2*w + 17. Let i be b(8). What are the prime factors of 1/(0 + i) - (9 - 132)?
2, 31
Let u(w) be the third derivative of 0*w**3 + 0 + 7/12*w**4 - 1/60*w**5 + w**2 + 0*w. List the prime factors of u(13).
13
Suppose -3*i = 4*n - 620, 2*i - 412 = -32*n + 30*n. What are the prime factors of i?
2, 3, 17
Let z(u) = -u**3 - 21*u**2 - 19*u + 24. Let g be z(-20). List the prime factors of (-2 - 0) + g - (-8 + -1).
11
Suppose -3*j - 4*n - 2 = -18, j - 10 = n. Suppose j*o - 4*y = 3*o + 159, -o = 4*y - 27. What are the prime factors of o?
31
Let h(q) = 161*q**2. List the prime factors of h(-1).
7, 23
Let s = -2802 - -5487. What are the prime factors of s?
3, 5, 179
Let j(b) = b - 5. Let h be j(11). List the prime factors of (3 - (-232)/12)/(1/h).
2, 67
Let m be (10/(-20))/((-1)/2). Let w be (m/2)/(11/704). Suppose x + w = 3*x. List the prime factors of x.
2
Let v(r) = 2*r**3 + 11*r**2 - 21*r - 10. Let q(t) = t**3 - t. Let w(m) = q(m) - v(m). List the prime factors of w(-13).
2, 11
Let i(u) = 17*u**2 - u + 6. Let k be i(-4). Suppose 3*d + k = 6*d. What are the prime factors of d?
2, 47
Suppose -4*f = -0*f. Let l = 2 - f. Suppose l*g = 59 + 41. What are the prime factors of g?
2, 5
Let o(v) = 238*v**3 - 3*v + 2*v**2 + 2 - 686*v**3 - 1. Let s be o(1). What are the prime factors of s/(-24)*(-18)/(-8)?
2, 3, 7
Let j = 6 - 101. Let x = j + 172. What are the prime factors of x?
7, 11
List the prime factors of ((62*12)/2)/(12/56).
2, 7, 31
What are the prime factors of 1362/((-30)/12 + 4)?
2, 227
Suppose 10*b + 75 = 5*b. Let v(f) = 2*f**2 + 21*f - 9. What are the prime factors of v(b)?
2, 3, 7
Let p(m) = m**2 - m + 6. Let x be p(-4). Let b = x + 23. List the prime factors of b.
7
Suppose -7*r + 6*r + 278 = 5*a, 3*a = r - 318. List the prime factors of r.
3, 101
Let l(u) be the third derivative of u**5/15 + u**4/24 + 7*u**3/2 - 16*u**2. What are the prime factors of l(-7)?
2, 3, 5, 7
Let g(x) = -x**2 - 11*x + 3. Let k be g(-11). Let m(u) = k*u**2 - u + 9*u**3 + 13*u**3 - 3*u**2. List the prime factors of m(1).
3, 7
Suppose 4*h - 4200 = 3*g, 276 + 761 = h - 4*g. List the prime factors of h.
3, 13
Let y(p) be the third derivative of -p**6/120 + 7*p**5/60 + p**4/24 + 5*p**3/3 + 11*p**2. List the prime factors of y(7).
17
Let j be (-12)/(-5)*(-35)/(-14). Let u be (-5532)/(-9)*j/(-4). List the prime factors of 3/21 + u/(-14).
2, 3, 11
Let q be (-27)/((-3)/((-9)/3)). What are the prime factors of 724/18 + 6/q?
2, 5
Let z(p) = -3*p - 4. Let k(n) = -3*n - 5. Let r be (-9)/2 + (-1)/2. Let v(f) = r*z(f) + 6*k(f). List the prime factors of v(-8).
2, 7
Suppose 7*d - 20 = 2*d. What are the prime factors of 4*(-3 - (-74)/d)?
2, 31
Let f = -12 - -12. Let c be f + 0 + 164/2. Suppose -2*y - 2*r - 2*r = -40, -4*r + c = 5*y. What are the prime factors of y?
2, 7
Let u(p) = -p**3 + 41*p**2 - 77*p + 33. What are the prime factors of u(39)?
2, 3
Let j(z) = -5*z**2 - 6*z + 383. What are the prime factors of j(0)?
383
Let w be (-3 + 9 - -1) + -2. Suppose w*t = -2*f + 180, 3*f - 83 = 2*f + t. Suppose -5*g - 4*u = -3*u - f, 0 = 3*g + 2*u - 51. What are the prime factors of g?
17
Let c(n) be the third derivative of n**5/60 - n**4/4 + 26*n**3 + 48*n**2. What are the prime factors of c(0)?
2, 3, 13
Let k(f) = 2*f**2 - 3*f + 1. Let u be k(4). Let j = u + -3. Let n = 21 - j. What are the prime factors of n?
3
Let p(s) = s**3 + 4*s**2 - 3*s + 7. Suppose n + 18 = -2*n. Let r be p(n). Let l = -24 - r. List the prime factors of l.
23
Let h be ((-10)/1)/(2 + -1). Let s = h - -19. Suppose s = o - 12. List the prime factors of o.
3, 7
Let n(p) = p**2 + 10*p + 28. Let l be n(-9). Suppose -y + 5*f - 4 = 0, 5*y - 1 = -4*f + 8. List the prime factors of 3 - y - (5 - l).
2
Suppose -l = 2*l - 9. Let b be (l - 33/9)*-30. Suppose -b*r = -17*r - 231. What are the prime factors of r?
7, 11
Suppose 0 = -4*u + 140 + 8. Suppose -277 - u = -2*j. Let d = j + -89. What are the prime factors of d?
2, 17
Let v = 57 - -2498. List the prime factors of v.
5, 7, 73
Let u(c) = c**2 + 10*c + 6. Let l be 162/(-16) - 4/(-32). Let k be u(l). Suppose -66 = -2*q + k. What are the prime factors of q?
2, 3
Suppose -14265 = -541*x + 536*x. What are the prime factors of x?
3, 317
Suppose 4*u - 1260 = -4*h, 2*u + 324 = h - 0*u. What are the prime factors of h?
2, 3, 53
Let a = 10 - 8. Suppose a*v - 206 = -3*r + 6*v, -r - 4*v + 42 = 0. What are the prime factors of r?
2, 31
Let q(v) = 2*v. Let r be q(0). What are the prime factors of 33/((-4)/(-12) + r)?
3, 11
Suppose 5*d - 3702 - 1133 = -4*j, 5*j + d - 6028 = 0. List the prime factors of j.
5, 241
Suppose -b - 2*a = -3*a - 230, -4*a = -5*b + 1152. List the prime factors of b.
2, 29
Suppose -5*f + 1288 = -4*l, -3*l - 795 = -3*f - 8*l. What are the prime factors of f?
2, 5, 13
Let g be 3/2*(1700/15)/(-5). Let f = 113 + g. List the prime factors of f.
79
Let a(h) = 4*h**2 - 4*h + 1. Let p = 11 - 15. Let v be a(p). Let u = 127 - v. What are the prime factors of u?
2, 23
Let v(j) = 169 - 169 + 5*j. List the prime factors of v(1).
5
Suppose -g - 3*p = -539, g = -4*g - p + 2723. What are the prime factors of g?
5, 109
Let r = 903 - -1750. List the prime factors of r.
7, 379
Let p(c) = -14*c + 13. Let t be p(-12). Suppose -5*a = 4*g - t, 3*g + a = 10 + 123. List the prime factors of g.
2, 11
Let o = -8 - 6. Let j = o + 16. Suppose -j*k = -4*k + 38. What are the prime factors of k?
19
Suppose 801 = 9*d + 13*o - 15*o, 2*d = 5*o + 178. List the prime factors of d.
89
Let l be 2 + -4 + 191 + -2. Suppose 51 - l = -2*m. List the prime factors of m.
2, 17
Suppose 4*l - 1149 = 263. What are the prime factors of l?
353
Let r be (-1 - 2)/(-3)*2. Suppose 6*n - 92 = r*n. Suppose 5*p - n - 42 = 0. List the prime factors of p.
13
Suppose 2*x + 8 = 6, -3*x = t - 643. What are the prime factors of t?
2, 17, 19
Let d be (-11 - -12)/(2/4). Let s be (-14)/(-6) - (-1)/(-3). Suppose d*n = -s*n + 76. What are the prime factors of n?
19
Let y(z) = z + 5. Let a be (-3 + -1)/12*15. Let c be y(a). Let d(o) = o**3 - 2*o**2 - o + 19. What are the prime factors of d(c)?
19
Let f = 0 + -1. Let y be (0 + f)/(-1)*-1. What are the prime factors of ((-4)/(-12))/(y/(-81))?
3
Suppose -15 = -18*z + 21. Suppose -2*l - 3*a = z*l - 232, 3*a = -2*l + 110. What are the prime factors of l?
61
Let h = 66 + -37. Suppose 2*n - k - h = -141, 3*n + 3*k = -159. Let j = 126 + n. What are the prime factors of j?
71
Let m(z) = 5099*z**2 - 56*z + 55. List the prime factors of m(1).
2, 2549
Suppose -5*h + 20 = 0, 731 = 4*y + 4*h - 465. List the prime factors of y.
5, 59
Let s(l) = l**2 - 21*l + 3. Let j be s(14). Let d = 160 + j. What are the prime factors of d?
5, 13
Let l(y) = 13*y**3 - 2*y**2 + 4*y - 3. Suppose 4*t = -11 + 19. List the prime factors of l(t).
101
What are the prime factors of (-411450)/52*12/(-18)?
5, 211
Suppose -x = -0*x + 4*n - 2, 0 = -4*x - 2*n - 6. Let q = -11 - -34. List the prime factors of -2*(q/x)/1.
23
Let p(d) = d**2 - 4*d + 542. Let g be p(0). Suppose 0 = -5*t - a + 1177, -4*t + 400 = a - g. List the prime factors of t.
5, 47
Suppose 3*b + 8 = -2*a + 35, 0 = -a + 3. Let s = 27 + -48. List the prime factors of (-5)/(15/s)*b.
7
Let b(p) = -786*p**3 + 5*p**2 + 6*p + 2. What are the prime factors of b(-1)?
787
Let c be -2 + 300 + (3 - 3). Suppose -148 = -2*o + 2*a, -5*o = -o - 5*a - c. What are the prime factors of o?
2, 3
Suppose 0 = 3*m + 2*m + 460. Let o = 208 + m